{"id":4350,"date":"2022-03-04T10:51:10","date_gmt":"2022-03-04T15:51:10","guid":{"rendered":"https:\/\/atahualpahabaspamba.gob.ec\/pichincha\/?page_id=4350"},"modified":"2022-03-04T14:50:47","modified_gmt":"2022-03-04T19:50:47","slug":"descripcion-del-proceso-de-contratacion","status":"publish","type":"page","link":"https:\/\/gadtmrl.gob.ec\/?page_id=4350","title":{"rendered":"Descripci\u00f3n del proceso de Contrataci\u00f3n"},"content":{"rendered":"\n<p>A continuaci\u00f3n adjuntamos la captura de pantalla del proceso para contratar el servicio externalizado de alimentaci\u00f3n para los centros de desarrollo infantil &#8220;CDI Ni\u00f1os Floreciendo&#8221; de la parroquia de Atahualpa Habaspamba<\/p>\n\n\n\n<figure class=\"wp-block-image size-full\"><img loading=\"lazy\" decoding=\"async\" width=\"886\" height=\"389\" src=\"https:\/\/atahualpahabaspamba.gob.ec\/pichincha\/wp-content\/uploads\/2022\/03\/Descripcion-Proceso-CDI-2022.png\" alt=\"\" class=\"wp-image-4351\" srcset=\"https:\/\/gadtmrl.gob.ec\/wp-content\/uploads\/2022\/03\/Descripcion-Proceso-CDI-2022.png 886w, https:\/\/gadtmrl.gob.ec\/wp-content\/uploads\/2022\/03\/Descripcion-Proceso-CDI-2022-550x241.png 550w, https:\/\/gadtmrl.gob.ec\/wp-content\/uploads\/2022\/03\/Descripcion-Proceso-CDI-2022-768x337.png 768w\" sizes=\"auto, (max-width: 886px) 100vw, 886px\" \/><figcaption>Captura de pantalla tomado de el portal de compras p\u00fablicas<\/figcaption><\/figure>\n\n\n\n<p>Revisa los pliegos y t\u00e9rminos de referencia en:<\/p>\n\n\n\n<p><a href=\"https:\/\/atahualpahabaspamba.gob.ec\/pichincha\/wp-content\/uploads\/2022\/03\/FI-GADPRA-001-22-.pdf\" target=\"_blank\" rel=\"noreferrer noopener\">CLIC AQU\u00cd PARA REVISAR LOS PLIEGOS<\/a><\/p>\n\n\n\n<p><a href=\"https:\/\/atahualpahabaspamba.gob.ec\/pichincha\/wp-content\/uploads\/2022\/03\/Terminos-de-referencia-CDI-2022.pdf\" target=\"_blank\" rel=\"noreferrer noopener\">CLIC AQU\u00cd PARA REVISAR T\u00c9RMINOS DE REFERENCIA<\/a><\/p>\n\n\n\n<p>Para postular a la oferta ingresa al sistema oficial de compras p\u00fablicas: <a href=\"https:\/\/www.compraspublicas.gob.ec\/ProcesoContratacion\/compras\/\" target=\"_blank\" rel=\"noreferrer noopener\">www.compraspublicas.gob.ec <\/a><\/p>\n\n\n\n<figure class=\"wp-block-image size-full\"><img loading=\"lazy\" decoding=\"async\" width=\"960\" height=\"960\" src=\"https:\/\/atahualpahabaspamba.gob.ec\/pichincha\/wp-content\/uploads\/2022\/03\/Arte_Catering_CDI.jpg\" alt=\"\" class=\"wp-image-4352\" srcset=\"https:\/\/gadtmrl.gob.ec\/wp-content\/uploads\/2022\/03\/Arte_Catering_CDI.jpg 960w, https:\/\/gadtmrl.gob.ec\/wp-content\/uploads\/2022\/03\/Arte_Catering_CDI-550x550.jpg 550w, https:\/\/gadtmrl.gob.ec\/wp-content\/uploads\/2022\/03\/Arte_Catering_CDI-150x150.jpg 150w, https:\/\/gadtmrl.gob.ec\/wp-content\/uploads\/2022\/03\/Arte_Catering_CDI-768x768.jpg 768w\" sizes=\"auto, (max-width: 960px) 100vw, 960px\" \/><\/figure>\n","protected":false},"excerpt":{"rendered":"<p>A continuaci\u00f3n adjuntamos la captura de pantalla del proceso para contratar el servicio externalizado de alimentaci\u00f3n para los centros de [&hellip;]<\/p>\n","protected":false},"author":6,"featured_media":0,"parent":0,"menu_order":0,"comment_status":"closed","ping_status":"closed","template":"","meta":{"site-sidebar-layout":"default","site-content-layout":"","ast-site-content-layout":"default","site-content-style":"default","site-sidebar-style":"default","ast-global-header-display":"","ast-banner-title-visibility":"","ast-main-header-display":"","ast-hfb-above-header-display":"","ast-hfb-below-header-display":"","ast-hfb-mobile-header-display":"","site-post-title":"","ast-breadcrumbs-content":"","ast-featured-img":"","footer-sml-layout":"","ast-disable-related-posts":"","theme-transparent-header-meta":"","adv-header-id-meta":"","stick-header-meta":"","header-above-stick-meta":"","header-main-stick-meta":"","header-below-stick-meta":"","astra-migrate-meta-layouts":"default","ast-page-background-enabled":"default","ast-page-background-meta":{"desktop":{"background-color":"var(--ast-global-color-5)","background-image":"","background-repeat":"repeat","background-position":"center center","background-size":"auto","background-attachment":"scroll","background-type":"","background-media":"","overlay-type":"","overlay-color":"","overlay-opacity":"","overlay-gradient":""},"tablet":{"background-color":"","background-image":"","background-repeat":"repeat","background-position":"center center","background-size":"auto","background-attachment":"scroll","background-type":"","background-media":"","overlay-type":"","overlay-color":"","overlay-opacity":"","overlay-gradient":""},"mobile":{"background-color":"","background-image":"","background-repeat":"repeat","background-position":"center center","background-size":"auto","background-attachment":"scroll","background-type":"","background-media":"","overlay-type":"","overlay-color":"","overlay-opacity":"","overlay-gradient":""}},"ast-content-background-meta":{"desktop":{"background-color":"var(--ast-global-color-4)","background-image":"","background-repeat":"repeat","background-position":"center center","background-size":"auto","background-attachment":"scroll","background-type":"","background-media":"","overlay-type":"","overlay-color":"","overlay-opacity":"","overlay-gradient":""},"tablet":{"background-color":"var(--ast-global-color-4)","background-image":"","background-repeat":"repeat","background-position":"center center","background-size":"auto","background-attachment":"scroll","background-type":"","background-media":"","overlay-type":"","overlay-color":"","overlay-opacity":"","overlay-gradient":""},"mobile":{"background-color":"var(--ast-global-color-4)","background-image":"","background-repeat":"repeat","background-position":"center center","background-size":"auto","background-attachment":"scroll","background-type":"","background-media":"","overlay-type":"","overlay-color":"","overlay-opacity":"","overlay-gradient":""}},"jetpack_post_was_ever_published":false,"_joinchat":[],"footnotes":""},"class_list":["post-4350","page","type-page","status-publish","hentry"],"yoast_head":"<!-- This site is optimized with the Yoast SEO plugin v26.5 - https:\/\/yoast.com\/wordpress\/plugins\/seo\/ -->\n<title>Descripci\u00f3n del proceso de Contrataci\u00f3n - GAD Parroquial Tnte. Maximiliano Rodriguez<\/title>\n<meta name=\"description\" content=\"GAD Parroquial Tnte. Maximiliano Rodriguez\" \/>\n<meta name=\"robots\" content=\"index, follow, max-snippet:-1, max-image-preview:large, max-video-preview:-1\" \/>\n<link rel=\"canonical\" href=\"https:\/\/gadtmrl.gob.ec\/?page_id=4350\" \/>\n<meta property=\"og:locale\" content=\"es_ES\" \/>\n<meta property=\"og:type\" content=\"article\" \/>\n<meta property=\"og:title\" content=\"Descripci\u00f3n del proceso de Contrataci\u00f3n - GAD Parroquial Tnte. Maximiliano Rodriguez\" \/>\n<meta property=\"og:description\" content=\"GAD Parroquial Tnte. Maximiliano Rodriguez\" \/>\n<meta property=\"og:url\" content=\"https:\/\/gadtmrl.gob.ec\/?page_id=4350\" \/>\n<meta property=\"og:site_name\" content=\"GAD Parroquial Tnte. Maximiliano Rodriguez\" \/>\n<meta property=\"article:modified_time\" content=\"2022-03-04T19:50:47+00:00\" \/>\n<meta property=\"og:image\" content=\"https:\/\/atahualpahabaspamba.gob.ec\/pichincha\/wp-content\/uploads\/2022\/03\/Descripcion-Proceso-CDI-2022.png\" \/>\n<meta name=\"twitter:card\" content=\"summary_large_image\" \/>\n<meta name=\"twitter:label1\" content=\"Tiempo de lectura\" \/>\n\t<meta name=\"twitter:data1\" content=\"1 minuto\" \/>\n<script type=\"application\/ld+json\" class=\"yoast-schema-graph\">{\"@context\":\"https:\/\/schema.org\",\"@graph\":[{\"@type\":\"WebPage\",\"@id\":\"https:\/\/gadtmrl.gob.ec\/?page_id=4350\",\"url\":\"https:\/\/gadtmrl.gob.ec\/?page_id=4350\",\"name\":\"Descripci\u00f3n del proceso de Contrataci\u00f3n - GAD Parroquial Tnte. Maximiliano Rodriguez\",\"isPartOf\":{\"@id\":\"https:\/\/gadtmrl.gob.ec\/#website\"},\"primaryImageOfPage\":{\"@id\":\"https:\/\/gadtmrl.gob.ec\/?page_id=4350#primaryimage\"},\"image\":{\"@id\":\"https:\/\/gadtmrl.gob.ec\/?page_id=4350#primaryimage\"},\"thumbnailUrl\":\"https:\/\/atahualpahabaspamba.gob.ec\/pichincha\/wp-content\/uploads\/2022\/03\/Descripcion-Proceso-CDI-2022.png\",\"datePublished\":\"2022-03-04T15:51:10+00:00\",\"dateModified\":\"2022-03-04T19:50:47+00:00\",\"description\":\"GAD Parroquial Tnte. Maximiliano Rodriguez\",\"breadcrumb\":{\"@id\":\"https:\/\/gadtmrl.gob.ec\/?page_id=4350#breadcrumb\"},\"inLanguage\":\"es\",\"potentialAction\":[{\"@type\":\"ReadAction\",\"target\":[\"https:\/\/gadtmrl.gob.ec\/?page_id=4350\"]}]},{\"@type\":\"ImageObject\",\"inLanguage\":\"es\",\"@id\":\"https:\/\/gadtmrl.gob.ec\/?page_id=4350#primaryimage\",\"url\":\"https:\/\/atahualpahabaspamba.gob.ec\/pichincha\/wp-content\/uploads\/2022\/03\/Descripcion-Proceso-CDI-2022.png\",\"contentUrl\":\"https:\/\/atahualpahabaspamba.gob.ec\/pichincha\/wp-content\/uploads\/2022\/03\/Descripcion-Proceso-CDI-2022.png\"},{\"@type\":\"BreadcrumbList\",\"@id\":\"https:\/\/gadtmrl.gob.ec\/?page_id=4350#breadcrumb\",\"itemListElement\":[{\"@type\":\"ListItem\",\"position\":1,\"name\":\"Home\",\"item\":\"https:\/\/gadtmrl.gob.ec\/\"},{\"@type\":\"ListItem\",\"position\":2,\"name\":\"Descripci\u00f3n del proceso de Contrataci\u00f3n\"}]},{\"@type\":\"WebSite\",\"@id\":\"https:\/\/gadtmrl.gob.ec\/#website\",\"url\":\"https:\/\/gadtmrl.gob.ec\/\",\"name\":\"GAD Parroquial Tnte. Maximiliano Rodriguez\",\"description\":\"Sitio web oficial del GAD Parroquial Tnte. Maximiliano Rodriguez.\",\"publisher\":{\"@id\":\"https:\/\/gadtmrl.gob.ec\/#organization\"},\"potentialAction\":[{\"@type\":\"SearchAction\",\"target\":{\"@type\":\"EntryPoint\",\"urlTemplate\":\"https:\/\/gadtmrl.gob.ec\/?s={search_term_string}\"},\"query-input\":{\"@type\":\"PropertyValueSpecification\",\"valueRequired\":true,\"valueName\":\"search_term_string\"}}],\"inLanguage\":\"es\"},{\"@type\":\"Organization\",\"@id\":\"https:\/\/gadtmrl.gob.ec\/#organization\",\"name\":\"GAD Parroquial Tnte. Maximiliano Rodriguez\",\"alternateName\":\"GAD Parroquial Tnte. Maximiliano Rodriguez\",\"url\":\"https:\/\/gadtmrl.gob.ec\/\",\"logo\":{\"@type\":\"ImageObject\",\"inLanguage\":\"es\",\"@id\":\"https:\/\/gadtmrl.gob.ec\/#\/schema\/logo\/image\/\",\"url\":\"https:\/\/gadtmrl.gob.ec\/wp-content\/uploads\/2020\/02\/logoFooter.png\",\"contentUrl\":\"https:\/\/gadtmrl.gob.ec\/wp-content\/uploads\/2020\/02\/logoFooter.png\",\"width\":279,\"height\":180,\"caption\":\"GAD Parroquial Tnte. Maximiliano Rodriguez\"},\"image\":{\"@id\":\"https:\/\/gadtmrl.gob.ec\/#\/schema\/logo\/image\/\"}}]}<\/script>\n<!-- \/ Yoast SEO plugin. -->","yoast_head_json":{"title":"Descripci\u00f3n del proceso de Contrataci\u00f3n - GAD Parroquial Tnte. Maximiliano Rodriguez","description":"GAD Parroquial Tnte. Maximiliano Rodriguez","robots":{"index":"index","follow":"follow","max-snippet":"max-snippet:-1","max-image-preview":"max-image-preview:large","max-video-preview":"max-video-preview:-1"},"canonical":"https:\/\/gadtmrl.gob.ec\/?page_id=4350","og_locale":"es_ES","og_type":"article","og_title":"Descripci\u00f3n del proceso de Contrataci\u00f3n - GAD Parroquial Tnte. Maximiliano Rodriguez","og_description":"GAD Parroquial Tnte. Maximiliano Rodriguez","og_url":"https:\/\/gadtmrl.gob.ec\/?page_id=4350","og_site_name":"GAD Parroquial Tnte. Maximiliano Rodriguez","article_modified_time":"2022-03-04T19:50:47+00:00","og_image":[{"url":"https:\/\/atahualpahabaspamba.gob.ec\/pichincha\/wp-content\/uploads\/2022\/03\/Descripcion-Proceso-CDI-2022.png","type":"","width":"","height":""}],"twitter_card":"summary_large_image","twitter_misc":{"Tiempo de lectura":"1 minuto"},"schema":{"@context":"https:\/\/schema.org","@graph":[{"@type":"WebPage","@id":"https:\/\/gadtmrl.gob.ec\/?page_id=4350","url":"https:\/\/gadtmrl.gob.ec\/?page_id=4350","name":"Descripci\u00f3n del proceso de Contrataci\u00f3n - GAD Parroquial Tnte. Maximiliano Rodriguez","isPartOf":{"@id":"https:\/\/gadtmrl.gob.ec\/#website"},"primaryImageOfPage":{"@id":"https:\/\/gadtmrl.gob.ec\/?page_id=4350#primaryimage"},"image":{"@id":"https:\/\/gadtmrl.gob.ec\/?page_id=4350#primaryimage"},"thumbnailUrl":"https:\/\/atahualpahabaspamba.gob.ec\/pichincha\/wp-content\/uploads\/2022\/03\/Descripcion-Proceso-CDI-2022.png","datePublished":"2022-03-04T15:51:10+00:00","dateModified":"2022-03-04T19:50:47+00:00","description":"GAD Parroquial Tnte. Maximiliano Rodriguez","breadcrumb":{"@id":"https:\/\/gadtmrl.gob.ec\/?page_id=4350#breadcrumb"},"inLanguage":"es","potentialAction":[{"@type":"ReadAction","target":["https:\/\/gadtmrl.gob.ec\/?page_id=4350"]}]},{"@type":"ImageObject","inLanguage":"es","@id":"https:\/\/gadtmrl.gob.ec\/?page_id=4350#primaryimage","url":"https:\/\/atahualpahabaspamba.gob.ec\/pichincha\/wp-content\/uploads\/2022\/03\/Descripcion-Proceso-CDI-2022.png","contentUrl":"https:\/\/atahualpahabaspamba.gob.ec\/pichincha\/wp-content\/uploads\/2022\/03\/Descripcion-Proceso-CDI-2022.png"},{"@type":"BreadcrumbList","@id":"https:\/\/gadtmrl.gob.ec\/?page_id=4350#breadcrumb","itemListElement":[{"@type":"ListItem","position":1,"name":"Home","item":"https:\/\/gadtmrl.gob.ec\/"},{"@type":"ListItem","position":2,"name":"Descripci\u00f3n del proceso de Contrataci\u00f3n"}]},{"@type":"WebSite","@id":"https:\/\/gadtmrl.gob.ec\/#website","url":"https:\/\/gadtmrl.gob.ec\/","name":"GAD Parroquial Tnte. Maximiliano Rodriguez","description":"Sitio web oficial del GAD Parroquial Tnte. Maximiliano Rodriguez.","publisher":{"@id":"https:\/\/gadtmrl.gob.ec\/#organization"},"potentialAction":[{"@type":"SearchAction","target":{"@type":"EntryPoint","urlTemplate":"https:\/\/gadtmrl.gob.ec\/?s={search_term_string}"},"query-input":{"@type":"PropertyValueSpecification","valueRequired":true,"valueName":"search_term_string"}}],"inLanguage":"es"},{"@type":"Organization","@id":"https:\/\/gadtmrl.gob.ec\/#organization","name":"GAD Parroquial Tnte. Maximiliano Rodriguez","alternateName":"GAD Parroquial Tnte. Maximiliano Rodriguez","url":"https:\/\/gadtmrl.gob.ec\/","logo":{"@type":"ImageObject","inLanguage":"es","@id":"https:\/\/gadtmrl.gob.ec\/#\/schema\/logo\/image\/","url":"https:\/\/gadtmrl.gob.ec\/wp-content\/uploads\/2020\/02\/logoFooter.png","contentUrl":"https:\/\/gadtmrl.gob.ec\/wp-content\/uploads\/2020\/02\/logoFooter.png","width":279,"height":180,"caption":"GAD Parroquial Tnte. Maximiliano Rodriguez"},"image":{"@id":"https:\/\/gadtmrl.gob.ec\/#\/schema\/logo\/image\/"}}]}},"jetpack_shortlink":"https:\/\/wp.me\/Pcm8cc-18a","jetpack_sharing_enabled":true,"jetpack_likes_enabled":true,"_links":{"self":[{"href":"https:\/\/gadtmrl.gob.ec\/index.php?rest_route=\/wp\/v2\/pages\/4350","targetHints":{"allow":["GET"]}}],"collection":[{"href":"https:\/\/gadtmrl.gob.ec\/index.php?rest_route=\/wp\/v2\/pages"}],"about":[{"href":"https:\/\/gadtmrl.gob.ec\/index.php?rest_route=\/wp\/v2\/types\/page"}],"author":[{"embeddable":true,"href":"https:\/\/gadtmrl.gob.ec\/index.php?rest_route=\/wp\/v2\/users\/6"}],"replies":[{"embeddable":true,"href":"https:\/\/gadtmrl.gob.ec\/index.php?rest_route=%2Fwp%2Fv2%2Fcomments&post=4350"}],"version-history":[{"count":2,"href":"https:\/\/gadtmrl.gob.ec\/index.php?rest_route=\/wp\/v2\/pages\/4350\/revisions"}],"predecessor-version":[{"id":4357,"href":"https:\/\/gadtmrl.gob.ec\/index.php?rest_route=\/wp\/v2\/pages\/4350\/revisions\/4357"}],"wp:attachment":[{"href":"https:\/\/gadtmrl.gob.ec\/index.php?rest_route=%2Fwp%2Fv2%2Fmedia&parent=4350"}],"curies":[{"name":"wp","href":"https:\/\/api.w.org\/{rel}","templated":true}]}}