{"id":4802,"date":"2023-04-05T09:46:01","date_gmt":"2023-04-05T14:46:01","guid":{"rendered":"https:\/\/gadeltablon.gob.ec\/loja\/?page_id=4802"},"modified":"2024-01-25T12:48:29","modified_gmt":"2024-01-25T17:48:29","slug":"comidas-tipicas","status":"publish","type":"page","link":"https:\/\/gadtmrl.gob.ec\/?page_id=4802","title":{"rendered":"Comidas T\u00edpicas"},"content":{"rendered":"<p>Los platos t\u00edpicos del sector son: seco de pollo, seco de chivo, sango de harina de ma\u00edz, repe blanco, repe de arveja con guineo y molo de guineo verde.<\/p>\n<p><img loading=\"lazy\" decoding=\"async\" src=\"..\/..\/images\/Tnte_Loaiza_51.png\" alt=\"Tnte Loaiza 51\" width=\"292\" height=\"232\" \/><\/p>\n<p>&nbsp;<\/p>\n<p align=\"center\"><strong>Tamales<\/strong><\/p>\n<p align=\"center\"><strong><img loading=\"lazy\" decoding=\"async\" src=\"..\/..\/images\/Tnte_Loaiza_52.png\" alt=\"Tnte Loaiza 52\" width=\"297\" height=\"234\" \/><\/strong><\/p>\n<p align=\"center\">\n<p align=\"center\"><strong>Humitas con Caf\u00e9<\/strong><\/p>\n<p align=\"center\"><strong><img loading=\"lazy\" decoding=\"async\" src=\"..\/..\/images\/Tnte_Loaiza_53.png\" alt=\"Tnte Loaiza 53\" width=\"304\" height=\"219\" \/><\/strong><\/p>\n<p align=\"center\">\n<p align=\"center\"><strong>Empanadas con manjar y caf\u00e9<\/strong><\/p>\n<p align=\"center\"><strong><img loading=\"lazy\" decoding=\"async\" src=\"..\/..\/images\/Tnte_Loaiza_54.png\" alt=\"Tnte Loaiza 54\" width=\"314\" height=\"226\" \/><\/strong><\/p>\n<p align=\"center\">\n<p align=\"center\"><strong>Fritada<\/strong><\/p>\n<p align=\"center\"><strong><img loading=\"lazy\" decoding=\"async\" src=\"..\/..\/images\/Tnte_Loaiza_55.png\" alt=\"Tnte Loaiza 55\" width=\"325\" height=\"234\" \/><\/strong><\/p>\n<p align=\"center\">\n<p align=\"center\"><strong>Carme al jugo<\/strong><\/p>\n","protected":false},"excerpt":{"rendered":"<p>Los platos t\u00edpicos del sector son: seco de pollo, seco de chivo, sango de harina de ma\u00edz, repe blanco, repe [&hellip;]<\/p>\n","protected":false},"author":6,"featured_media":0,"parent":0,"menu_order":0,"comment_status":"closed","ping_status":"closed","template":"","meta":{"site-sidebar-layout":"default","site-content-layout":"","ast-site-content-layout":"default","site-content-style":"default","site-sidebar-style":"default","ast-global-header-display":"","ast-banner-title-visibility":"","ast-main-header-display":"","ast-hfb-above-header-display":"","ast-hfb-below-header-display":"","ast-hfb-mobile-header-display":"","site-post-title":"","ast-breadcrumbs-content":"","ast-featured-img":"","footer-sml-layout":"","ast-disable-related-posts":"","theme-transparent-header-meta":"","adv-header-id-meta":"","stick-header-meta":"","header-above-stick-meta":"","header-main-stick-meta":"","header-below-stick-meta":"","astra-migrate-meta-layouts":"default","ast-page-background-enabled":"default","ast-page-background-meta":{"desktop":{"background-color":"var(--ast-global-color-5)","background-image":"","background-repeat":"repeat","background-position":"center center","background-size":"auto","background-attachment":"scroll","background-type":"","background-media":"","overlay-type":"","overlay-color":"","overlay-opacity":"","overlay-gradient":""},"tablet":{"background-color":"","background-image":"","background-repeat":"repeat","background-position":"center center","background-size":"auto","background-attachment":"scroll","background-type":"","background-media":"","overlay-type":"","overlay-color":"","overlay-opacity":"","overlay-gradient":""},"mobile":{"background-color":"","background-image":"","background-repeat":"repeat","background-position":"center center","background-size":"auto","background-attachment":"scroll","background-type":"","background-media":"","overlay-type":"","overlay-color":"","overlay-opacity":"","overlay-gradient":""}},"ast-content-background-meta":{"desktop":{"background-color":"var(--ast-global-color-4)","background-image":"","background-repeat":"repeat","background-position":"center center","background-size":"auto","background-attachment":"scroll","background-type":"","background-media":"","overlay-type":"","overlay-color":"","overlay-opacity":"","overlay-gradient":""},"tablet":{"background-color":"var(--ast-global-color-4)","background-image":"","background-repeat":"repeat","background-position":"center center","background-size":"auto","background-attachment":"scroll","background-type":"","background-media":"","overlay-type":"","overlay-color":"","overlay-opacity":"","overlay-gradient":""},"mobile":{"background-color":"var(--ast-global-color-4)","background-image":"","background-repeat":"repeat","background-position":"center center","background-size":"auto","background-attachment":"scroll","background-type":"","background-media":"","overlay-type":"","overlay-color":"","overlay-opacity":"","overlay-gradient":""}},"jetpack_post_was_ever_published":false,"_joinchat":[],"footnotes":""},"class_list":["post-4802","page","type-page","status-publish","hentry"],"yoast_head":"<!-- This site is optimized with the Yoast SEO plugin v26.5 - https:\/\/yoast.com\/wordpress\/plugins\/seo\/ -->\n<title>Comidas T\u00edpicas - GAD Parroquial Tnte. Maximiliano Rodriguez<\/title>\n<meta name=\"description\" content=\"GAD Parroquial Tnte. Maximiliano Rodriguez\" \/>\n<meta name=\"robots\" content=\"index, follow, max-snippet:-1, max-image-preview:large, max-video-preview:-1\" \/>\n<link rel=\"canonical\" href=\"https:\/\/gadtmrl.gob.ec\/?page_id=4802\" \/>\n<meta property=\"og:locale\" content=\"es_ES\" \/>\n<meta property=\"og:type\" content=\"article\" \/>\n<meta property=\"og:title\" content=\"Comidas T\u00edpicas - GAD Parroquial Tnte. Maximiliano Rodriguez\" \/>\n<meta property=\"og:description\" content=\"GAD Parroquial Tnte. Maximiliano Rodriguez\" \/>\n<meta property=\"og:url\" content=\"https:\/\/gadtmrl.gob.ec\/?page_id=4802\" \/>\n<meta property=\"og:site_name\" content=\"GAD Parroquial Tnte. Maximiliano Rodriguez\" \/>\n<meta property=\"article:modified_time\" content=\"2024-01-25T17:48:29+00:00\" \/>\n<meta name=\"twitter:card\" content=\"summary_large_image\" \/>\n<meta name=\"twitter:label1\" content=\"Tiempo de lectura\" \/>\n\t<meta name=\"twitter:data1\" content=\"2 minutos\" \/>\n<script type=\"application\/ld+json\" class=\"yoast-schema-graph\">{\"@context\":\"https:\/\/schema.org\",\"@graph\":[{\"@type\":\"WebPage\",\"@id\":\"https:\/\/gadtmrl.gob.ec\/?page_id=4802\",\"url\":\"https:\/\/gadtmrl.gob.ec\/?page_id=4802\",\"name\":\"Comidas T\u00edpicas - GAD Parroquial Tnte. Maximiliano Rodriguez\",\"isPartOf\":{\"@id\":\"https:\/\/gadtmrl.gob.ec\/#website\"},\"datePublished\":\"2023-04-05T14:46:01+00:00\",\"dateModified\":\"2024-01-25T17:48:29+00:00\",\"description\":\"GAD Parroquial Tnte. Maximiliano Rodriguez\",\"breadcrumb\":{\"@id\":\"https:\/\/gadtmrl.gob.ec\/?page_id=4802#breadcrumb\"},\"inLanguage\":\"es\",\"potentialAction\":[{\"@type\":\"ReadAction\",\"target\":[\"https:\/\/gadtmrl.gob.ec\/?page_id=4802\"]}]},{\"@type\":\"BreadcrumbList\",\"@id\":\"https:\/\/gadtmrl.gob.ec\/?page_id=4802#breadcrumb\",\"itemListElement\":[{\"@type\":\"ListItem\",\"position\":1,\"name\":\"Home\",\"item\":\"https:\/\/gadtmrl.gob.ec\/\"},{\"@type\":\"ListItem\",\"position\":2,\"name\":\"Comidas T\u00edpicas\"}]},{\"@type\":\"WebSite\",\"@id\":\"https:\/\/gadtmrl.gob.ec\/#website\",\"url\":\"https:\/\/gadtmrl.gob.ec\/\",\"name\":\"GAD Parroquial Tnte. Maximiliano Rodriguez\",\"description\":\"Sitio web oficial del GAD Parroquial Tnte. Maximiliano Rodriguez.\",\"publisher\":{\"@id\":\"https:\/\/gadtmrl.gob.ec\/#organization\"},\"potentialAction\":[{\"@type\":\"SearchAction\",\"target\":{\"@type\":\"EntryPoint\",\"urlTemplate\":\"https:\/\/gadtmrl.gob.ec\/?s={search_term_string}\"},\"query-input\":{\"@type\":\"PropertyValueSpecification\",\"valueRequired\":true,\"valueName\":\"search_term_string\"}}],\"inLanguage\":\"es\"},{\"@type\":\"Organization\",\"@id\":\"https:\/\/gadtmrl.gob.ec\/#organization\",\"name\":\"GAD Parroquial Tnte. Maximiliano Rodriguez\",\"alternateName\":\"GAD Parroquial Tnte. Maximiliano Rodriguez\",\"url\":\"https:\/\/gadtmrl.gob.ec\/\",\"logo\":{\"@type\":\"ImageObject\",\"inLanguage\":\"es\",\"@id\":\"https:\/\/gadtmrl.gob.ec\/#\/schema\/logo\/image\/\",\"url\":\"https:\/\/gadtmrl.gob.ec\/wp-content\/uploads\/2020\/02\/logoFooter.png\",\"contentUrl\":\"https:\/\/gadtmrl.gob.ec\/wp-content\/uploads\/2020\/02\/logoFooter.png\",\"width\":279,\"height\":180,\"caption\":\"GAD Parroquial Tnte. Maximiliano Rodriguez\"},\"image\":{\"@id\":\"https:\/\/gadtmrl.gob.ec\/#\/schema\/logo\/image\/\"}}]}<\/script>\n<!-- \/ Yoast SEO plugin. -->","yoast_head_json":{"title":"Comidas T\u00edpicas - GAD Parroquial Tnte. Maximiliano Rodriguez","description":"GAD Parroquial Tnte. Maximiliano Rodriguez","robots":{"index":"index","follow":"follow","max-snippet":"max-snippet:-1","max-image-preview":"max-image-preview:large","max-video-preview":"max-video-preview:-1"},"canonical":"https:\/\/gadtmrl.gob.ec\/?page_id=4802","og_locale":"es_ES","og_type":"article","og_title":"Comidas T\u00edpicas - GAD Parroquial Tnte. Maximiliano Rodriguez","og_description":"GAD Parroquial Tnte. Maximiliano Rodriguez","og_url":"https:\/\/gadtmrl.gob.ec\/?page_id=4802","og_site_name":"GAD Parroquial Tnte. Maximiliano Rodriguez","article_modified_time":"2024-01-25T17:48:29+00:00","twitter_card":"summary_large_image","twitter_misc":{"Tiempo de lectura":"2 minutos"},"schema":{"@context":"https:\/\/schema.org","@graph":[{"@type":"WebPage","@id":"https:\/\/gadtmrl.gob.ec\/?page_id=4802","url":"https:\/\/gadtmrl.gob.ec\/?page_id=4802","name":"Comidas T\u00edpicas - GAD Parroquial Tnte. Maximiliano Rodriguez","isPartOf":{"@id":"https:\/\/gadtmrl.gob.ec\/#website"},"datePublished":"2023-04-05T14:46:01+00:00","dateModified":"2024-01-25T17:48:29+00:00","description":"GAD Parroquial Tnte. Maximiliano Rodriguez","breadcrumb":{"@id":"https:\/\/gadtmrl.gob.ec\/?page_id=4802#breadcrumb"},"inLanguage":"es","potentialAction":[{"@type":"ReadAction","target":["https:\/\/gadtmrl.gob.ec\/?page_id=4802"]}]},{"@type":"BreadcrumbList","@id":"https:\/\/gadtmrl.gob.ec\/?page_id=4802#breadcrumb","itemListElement":[{"@type":"ListItem","position":1,"name":"Home","item":"https:\/\/gadtmrl.gob.ec\/"},{"@type":"ListItem","position":2,"name":"Comidas T\u00edpicas"}]},{"@type":"WebSite","@id":"https:\/\/gadtmrl.gob.ec\/#website","url":"https:\/\/gadtmrl.gob.ec\/","name":"GAD Parroquial Tnte. Maximiliano Rodriguez","description":"Sitio web oficial del GAD Parroquial Tnte. Maximiliano Rodriguez.","publisher":{"@id":"https:\/\/gadtmrl.gob.ec\/#organization"},"potentialAction":[{"@type":"SearchAction","target":{"@type":"EntryPoint","urlTemplate":"https:\/\/gadtmrl.gob.ec\/?s={search_term_string}"},"query-input":{"@type":"PropertyValueSpecification","valueRequired":true,"valueName":"search_term_string"}}],"inLanguage":"es"},{"@type":"Organization","@id":"https:\/\/gadtmrl.gob.ec\/#organization","name":"GAD Parroquial Tnte. Maximiliano Rodriguez","alternateName":"GAD Parroquial Tnte. Maximiliano Rodriguez","url":"https:\/\/gadtmrl.gob.ec\/","logo":{"@type":"ImageObject","inLanguage":"es","@id":"https:\/\/gadtmrl.gob.ec\/#\/schema\/logo\/image\/","url":"https:\/\/gadtmrl.gob.ec\/wp-content\/uploads\/2020\/02\/logoFooter.png","contentUrl":"https:\/\/gadtmrl.gob.ec\/wp-content\/uploads\/2020\/02\/logoFooter.png","width":279,"height":180,"caption":"GAD Parroquial Tnte. Maximiliano Rodriguez"},"image":{"@id":"https:\/\/gadtmrl.gob.ec\/#\/schema\/logo\/image\/"}}]}},"jetpack_shortlink":"https:\/\/wp.me\/Pcm8cc-1fs","jetpack_sharing_enabled":true,"jetpack_likes_enabled":true,"_links":{"self":[{"href":"https:\/\/gadtmrl.gob.ec\/index.php?rest_route=\/wp\/v2\/pages\/4802","targetHints":{"allow":["GET"]}}],"collection":[{"href":"https:\/\/gadtmrl.gob.ec\/index.php?rest_route=\/wp\/v2\/pages"}],"about":[{"href":"https:\/\/gadtmrl.gob.ec\/index.php?rest_route=\/wp\/v2\/types\/page"}],"author":[{"embeddable":true,"href":"https:\/\/gadtmrl.gob.ec\/index.php?rest_route=\/wp\/v2\/users\/6"}],"replies":[{"embeddable":true,"href":"https:\/\/gadtmrl.gob.ec\/index.php?rest_route=%2Fwp%2Fv2%2Fcomments&post=4802"}],"version-history":[{"count":6,"href":"https:\/\/gadtmrl.gob.ec\/index.php?rest_route=\/wp\/v2\/pages\/4802\/revisions"}],"predecessor-version":[{"id":5170,"href":"https:\/\/gadtmrl.gob.ec\/index.php?rest_route=\/wp\/v2\/pages\/4802\/revisions\/5170"}],"wp:attachment":[{"href":"https:\/\/gadtmrl.gob.ec\/index.php?rest_route=%2Fwp%2Fv2%2Fmedia&parent=4802"}],"curies":[{"name":"wp","href":"https:\/\/api.w.org\/{rel}","templated":true}]}}